+ -175. Let f = z - -532. Suppose 3*h - 6*h + 2*q + f = 0, h + 3*q = 105. What is the tens digit of h?
0
Let p = -17 - -28. Let m(v) = -p*v**2 - 7 - 4*v + 6 - 6 + 7*v + 2*v**3. What is the tens digit of m(6)?
4
Suppose -15*v - 77 + 227 = 0. Suppose -5*f + 7*t = v*t - 4298, 4*t = f - 878. What is the hundreds digit of f?
8
Suppose -6*g = -4*g - 8. Let m be (-100)/(-5)*(1/g + 0). Suppose 5*j - 462 = -2*t - 2*t, -m*t + 580 = 5*j. What is the hundreds digit of t?
1
Let g = 6424 + 21082. What is the units digit of g?
6
Let a be -3 + (-17)/(68/(-24)). Suppose 2*c - 30*h - 366 = -31*h, -3*c - a*h = -555. What is the hundreds digit of c?
1
Let q be (-4)/14 - 398700/315. Let h = q + 3356. What is the hundreds digit of h?
0
Let o = -760 - -488. Let v = o + 837. What is the units digit of v?
5
Let s = -14290 - -32582. What is the units digit of s?
2
Suppose 10 = -5*f + 35, 5*j - 2*f = 380. Let w be (-1781)/j + 1/(-6). What is the tens digit of w*(-5)/((-15)/12)*-1?
9
Suppose 8*c - 31035 = -5571. What is the units digit of c?
3
Let k(h) = 2*h**3 - 5*h**2 + 6*h - 2. Let j be k(2). Suppose -4*l + 20 = -3*y, -l - j*y + 16 = -4*y. Suppose 803 = l*z - 429. What is the tens digit of z?
5
Let w(y) be the third derivative of y**6/120 + 2*y**5/5 - 4*y**4/3 + 35*y**3/3 + 7*y**2 - 7. What is the hundreds digit of w(-24)?
8
What is the units digit of (-11 + (11 - 4))/((-5)/(47145/2))?
8
Let m(o) = -o**3 + 36*o**2 + 29*o - 23. What is the hundreds digit of m(-13)?
8
Suppose 5*y + 449 = -391. Let z = -387 - y. What is the tens digit of (3*8/(-12))/(6/z)?
7
Let k = 45547 - -7498. What is the hundreds digit of k?
0
Let r(q) = 50*q - 371. Let g be r(10). Suppose 28896 = g*k - 113*k. What is the thousands digit of k?
1
Suppose 0 = 124*u - 850162 + 20886 - 752344. What is the units digit of u?
5
Let i(y) = y**3 - 9*y**2 - 54*y - 488. What is the ten thousands digit of i(29)?
1
Let b = 66 - 64. Suppose -5*u + 5*q + 605 = 0, 0 = -b*u - 0*q - 2*q + 222. Suppose u = t + t. What is the units digit of t?
8
Let p(g) = 175*g + 18 + 18*g**2 - 2*g**2 - 185*g. What is the units digit of p(5)?
8
Let w be (-5)/(-15)*(13 + -1) + -2. What is the hundreds digit of (3765/(-30))/((-1)/w)?
2
Suppose -t + 4*y - 3*y + 446 = 0, -4*t - 2*y + 1766 = 0. Suppose 3*v - t - 319 = 3*n, 5*v + n = 1246. What is the units digit of v?
0
Let j(i) be the second derivative of -i**4/12 + i**3/3 + i**2/2 - 23*i. Let a be j(-1). What is the hundreds digit of 6 - 225/(-2) - 3/a?
1
Let s = -40740 - -79107. What is the units digit of s?
7
Let v = 8389 - 4268. What is the tens digit of v?
2
Let t(n) = -2*n**2 - 19*n + 6. Let c be t(-4). Suppose 30*s = c*s - 18280. What is the hundreds digit of s?
9
Suppose 90956 = -18*p + 47*p - 140551. What is the hundreds digit of p?
9
Let y(i) = 2*i - 12. Let w be y(6). What is the hundreds digit of (w - -3 - 2)/(6/906)?
1
Let t be (-990)/(-44) - 2/(-4). Suppose -t*q + 2458 = -13596. What is the tens digit of q?
9
Let f(i) = i**2 + 7*i - 22. Let w be f(-10). Suppose -2*u + 12 = w. Suppose u*h + 0 - 126 = 0. What is the tens digit of h?
6
Let t = 10586 + 1082. What is the ten thousands digit of t?
1
Suppose -860*h = -857*h - 20520. What is the thousands digit of h?
6
What is the ten thousands digit of (11 - -18655) + (-1)/(4/(-12)*-3)?
1
Suppose -184*s + 16*s = -2050885 + 212797. What is the thousands digit of s?
0
Let o be 10/(-4)*(6 + (-360)/50). Suppose -m + 2*w - 5*w + 52 = 0, -o*w = 5*m - 248. What is the tens digit of m?
4
Let k(j) = -637*j - 246. What is the thousands digit of k(-6)?
3
Let g(u) = -22*u. Let p be g(1). Let h = p + 38. What is the tens digit of (13 - h)/(3/(-29))?
2
Suppose -16*x - 80 = 4*x. What is the hundreds digit of ((-320)/(-3))/(x - 49/(-12))?
2
Suppose 9735 = 5*t + 4*m, -2*t + 1663 = -4*m - 2259. Suppose 0 = 11*a - t - 601. What is the units digit of a?
2
Let d(y) = -y**3 + 5*y**2 - 2*y - 3. Let j be d(4). What is the tens digit of j*(-11)/((-88)/312)?
9
Suppose -5*m = -5*z + 12 + 13, -3 = m. Suppose z*q + 3165 = 17*q. What is the tens digit of q?
1
Let i = -26 + 30. Suppose 4*p + 12 = -i, 5*z = -3*p - 2. Suppose -n + 59 = 5*o, -190 = -0*n - 3*n - z*o. What is the units digit of n?
4
Let i = -632 - -1121. Suppose 15*l - i - 81 = 0. What is the tens digit of l?
3
Let f(m) = 10*m**3 - 3*m + 6. Let o be f(2). Let d = 202 + o. What is the tens digit of d?
8
Suppose -3*w + 55 = 4*m, -5*m + 75 = -0*m + 5*w. Let y be -1 - 2*3*m/(-12). Suppose -y*z + b + 1053 = 0, -b - 376 = -z - 109. What is the units digit of z?
2
Suppose 37 = o - 51. What is the hundreds digit of (99/o - 1) + 10782/16?
6
Let b = -55 + 55. Suppose -4*j - 4*v = -500, 2*j + b*v - 250 = v. Suppose 0 = 4*u + j - 501. What is the tens digit of u?
9
Suppose 0 = -2*f - 76 + 82. Suppose 4*q + 21 = -f*q. What is the units digit of (-47 - q)/(2/(-8))?
6
Let t(w) = -w**2 + 41*w + 24. Suppose 4*r - 6*c + 3*c = 54, 4*r - 38 = -5*c. What is the hundreds digit of t(r)?
3
Let i(s) = s**2 - 24*s + 9. Let x be i(0). What is the tens digit of 2424/x*(-15)/(-20)?
0
Suppose -10*o - 561 - 169 = 0. What is the units digit of (67/(-1))/(73/o)?
7
Let c be ((-3)/(-9))/((-12)/(-468)). Let x(z) = 18 + c*z - 11*z - 6*z. What is the units digit of x(4)?
2
Let s = 177 + -172. Suppose 3*h = 5*d - 2741, -s*d + 0*h = 3*h - 2729. What is the units digit of d?
7
Let a(k) = k**3 + 47*k**2 - 70*k + 25. What is the units digit of a(-40)?
5
Let b be (-58527)/(-567) - (-2)/(-9). Let p = -36 + b. What is the units digit of p?
7
What is the thousands digit of 2/(((-177)/(-295))/(-2 + (-41349)/(-6)))?
2
Let m = 236 + -229. Let h(n) be the third derivative of -n**5/60 + 11*n**4/24 + 5*n**3/6 + 3*n**2. What is the tens digit of h(m)?
3
What is the units digit of ((-2)/(4/(-2103)))/((-5)/(-170)) - 2?
9
Let x be (-2 + (-15)/(-10))*32. Let d be 1/((12/x)/(-3)). Suppose -7 = d*w - 5*w. What is the units digit of w?
7
Let w be (10/20)/((-2)/92). Let k = 28 + w. Suppose k*l = -4*d + 346 + 188, -d + 2*l = -140. What is the hundreds digit of d?
1
Let h be 0 + -5 + 13 + 6. Suppose h*j + 363 = 1427. What is the tens digit of j?
7
Let y be (6/(-5))/(453144/(-75520) + 6). Suppose -4*i + 4*a = -6832, 1348 + y = 3*i + 2*a. What is the thousands digit of i?
1
Suppose -67 = -5*r + 4*s, r = 6*s - 3*s + 20. Suppose 0 = -12*x + r*x + 224. What is the hundreds digit of (-2)/2 + x*1 - -4?
2
Let t be ((-18)/(-4) - 0) + (-12)/(-24). Suppose 4*z = 2*n - 192 + 952, t*n + 760 = 4*z. What is the tens digit of z?
9
Suppose 94*u - 88*u = 51570. What is the units digit of (u/(-382))/(3*2/(-344))?
0
Suppose -2*j = -w - 1999, j - 21*w = -22*w + 1001. Suppose 2*k - j = -2*a, 6*a + 1985 = 10*a + k. What is the hundreds digit of a?
4
Let o = 23 + 90. Let a(d) = -7*d + 3. Let v be a(-15). Let s = v + o. What is the tens digit of s?
2
Let v = 614 + -418. Suppose 5*w - b = 2793, -w + 359 + v = b. What is the hundreds digit of w?
5
Suppose -9*u + 27*u = 25632. Suppose 0 = 5*t - 1551 - u. What is the units digit of t?
5
What is the thousands digit of (-61)/((-516180)/(-64540) + -7 + -1)?
8
Suppose 4*c + 3*d - 169 = -902, 0 = 2*c + 2*d + 364. Let j = c - -749. What is the hundreds digit of j?
5
Suppose 18352*o - 9870 = 18347*o. What is the tens digit of o?
7
What is the units digit of (-222560)/(-700) - (-8)/140?
8
Let t = -61 - -61. Suppose -p - 3*f = -0*p - 27, 3*p + 5*f - 93 = t. What is the units digit of p?
6
Let j = 29569 - 8949. What is the ten thousands digit of j?
2
Let d(l) = -30 - 3*l + 36 - 6*l + l**3. Let y be d(3). Suppose -4*v - 5*f = -24, -y = 2*v - 3*v - 5*f. What is the units digit of v?
6
Let b = 8 + -4. Suppose -5*i - 27 = -b*f, 0 = -f + 4*f + 2*i - 26. Suppose -f*u = -506 + 34. What is the units digit of u?
9
Suppose -4*b = 5*o - 252, 0*b = 4*b - 2*o - 252. Suppose 65*p - 58 = b*p. Suppose -33*f + p*f = -480. What is the tens digit of f?
2
Suppose -1027 = -6*d - 7*d. Let m = -75 + d. Suppose -4*b = -8*b + 3*c + 86, b - 15 = m*c. What is the units digit of b?
3
Suppose 0 = 3*h - 11*r + 7*r - 49964, 3*h = 3*r + 49968. What is the ten thousands digit of h?
1
Suppose 0*z - q - 9 = -2*z, z + 5*q = 10. Suppose 8*b + z = 37. Suppose -180 = -b*r + 3*n, -2*n + 60 = r + n. What is the units digit of r?
8
Suppose 5*h - 2822 = 5493. What is the hundreds digit of